5*o = 65, j = -2*o + 8. Calculate the remainder when y is divided by t.
19
Let z = -35492 - -35582. What is the remainder when 578 is divided by z?
38
Suppose 2*g = -3*s - 2*g + 37, s - 44 = 5*g. Suppose -6*k + 0*k = 18. Calculate the remainder when 4/k - (-338)/6 is divided by s.
17
Let p be (-4)/(-7)*(-70)/(-20). Suppose 3*z = p*c - 58 - 107, -5*z = c - 50. What is the remainder when c is divided by 6?
3
Calculate the remainder when 2955 is divided by 3285/50 + (-120)/(-400).
51
Suppose 3*x - 395 - 184 = 0. Let c = -363 + x. Let u = c - -275. What is the remainder when u is divided by 36?
33
Let u = -1753 - -2358. What is the remainder when u is divided by 87?
83
Let j(l) = 18*l**2 + 3*l - 1. Let a(f) = -f**3 + 65*f**2 + 87*f - 1081. What is the remainder when a(66) is divided by j(2)?
74
Let o(q) = 4*q + 2. Let z be o(2). Suppose -16 = -z*f + 8*f. Suppose -4*x + 3*s = -9, -2*x + 2*s + 12 - 8 = 0. What is the remainder when f is divided by x?
2
Let b be 177/(-5) - (15 - (-492)/(-30)). Let s = 1 - -1. What is the remainder when 47 is divided by b/(-4)*4/s*1?
13
Let i be ((-12)/2)/(6/9*-3). Calculate the remainder when 3/1 + (1 - i) - -40 is divided by 9.
5
Let m(o) = -40*o + 429. What is the remainder when m(-19) is divided by 85?
84
Suppose -9*h + o = -530, -5*h + 236 + 70 = -2*o. Suppose 0 = -2*v + 14 + 4. Calculate the remainder when h is divided by v.
4
Let c be (13 - 2)*(-2 - (0 - 0)). Let n(u) = u**2 + 3*u + 12. What is the remainder when n(-9) is divided by -2 + -2 - (-3)/((-3)/c)?
12
Let p(t) = 7*t**2 - 143*t + 700. Let k(v) = -v**2 + v + 34. Calculate the remainder when p(6) is divided by k(0).
26
Suppose -3*l + 341 = l + 3*r, -4*l + 344 = 4*r. Let u(n) = 719*n + 29497. Calculate the remainder when l is divided by u(-41).
11
Let o(y) = y**3 + 13*y**2 - 46*y + 30. Let n be o(-16). What is the remainder when 212 is divided by 29 + n - (2 - 12/2)?
26
Let a = -5 - -8. Let j(w) = -w**2 + 2*w + 3. Let r be j(2). Suppose -35 = -r*p - 2*p. What is the remainder when p is divided by a?
1
Let q be -3 + -9*2/(-6). Let t be 2 - -227 - ((-9)/(-3) - q). Let a = -143 + t. What is the remainder when a is divided by 43?
40
Let d(l) = 9*l + 54. Let f be d(8). Suppose -4*q = 5*n - f, -30 + 167 = 5*q - 4*n. What is the remainder when q is divided by 27?
2
What is the remainder when (-742912)/(-768) - (-60)/9 is divided by 246?
236
What is the remainder when ((-752)/423)/(4/(-1224)) is divided by 178?
10
Let v(z) = -z + 4. Suppose 5*g + 2*r = 33, 0 = -95*g + 99*g + 2*r - 26. What is the remainder when v(-13) is divided by g?
3
Let q = -46 - -181. Suppose 4*a - 135 = -5*y, 5*y = -a - 4*a + q. What is the remainder when y is divided by 15?
12
Let d = 29 + -5. Suppose -6 = -3*g, g - 3 = -q + 2*g. Calculate the remainder when (d/(-15))/(1/(-5)) is divided by q.
3
Let n = -200 - -197. Suppose 0*l - 4*l = -68. Calculate the remainder when (n*(-10)/9)/(4/78) is divided by l.
14
Let d = -11 + 21. What is the remainder when (-18720)/(-432)*3/2 is divided by d?
5
Suppose 0 = -12*y - 16*y + 28. What is the remainder when 91 is divided by 8 + -1 - (-18)/y?
16
Let n(z) = -z**2 + z + 14. Let j be (-1 + 30)/(1/2) - -2. Calculate the remainder when n(0) is divided by j/24*(-18)/10*-2.
5
Let v be ((-15)/3)/(0 + -1). Suppose v*p - 86 = -26. Suppose o - 77 + 14 = -5*g, -2*g + 4*o + p = 0. Calculate the remainder when 44 is divided by g.
8
What is the remainder when 498 is divided by 924/46 - (24/(-46))/(-6)?
18
Let v(c) = -c**2 - 11*c + 2. Let b be v(-11). Let z be (-46 - b)*(6 + -18). Suppose 13*m - z = 5*m. What is the remainder when m is divided by 15?
12
Let q = 74 - 68. Let r be ((-770)/(-4))/(-11)*-2. Let k = r + -18. What is the remainder when k is divided by q?
5
Let z(r) = 7*r**2 + 16*r - 11. Let p(f) = -8*f**2 - 17*f + 9. Let a(y) = 6*p(y) + 7*z(y). Calculate the remainder when a(-18) is divided by 33.
22
Suppose 0 = -u + 210*p - 213*p + 762, -2*p + 758 = u. Calculate the remainder when u is divided by 13.
9
Suppose 159*f = 175*f - 6736. What is the remainder when f is divided by 141?
139
Suppose 0 = -20*z + 71 - 11. Suppose -5*m - 179 = -z*t, -5*t + 339 = 3*m + 18. Calculate the remainder when t is divided by 18.
9
Suppose 0 = -13*s + 15*s + 4*u - 824, s = u + 403. What is the remainder when s is divided by 299?
107
Suppose 5*k - 4*v - 151 = 17, 3*v + 166 = 5*k. Suppose 13*g - 770 = 8*g. Calculate the remainder when g is divided by k.
26
Suppose 6*r - 8*r = -3*j + 11, -5*r - j - 2 = 0. Let x(s) = -116*s**3 + s**2 + s - 1. Calculate the remainder when x(r) is divided by 60.
55
Suppose 4*z - 9 = 5*d + 27, 4*z - 8 = -2*d. Suppose -2*l + a = -2*a - 27, -3*a = z*l - 27. What is the remainder when 61 is divided by 3/(39/l - 4)?
7
Let z be 7*(-1)/(28/(-8)). Suppose -5*j - z*u + 166 = 2*u, 2*u + 2 = 0. Let y = j - 16. Calculate the remainder when y is divided by 10.
8
Suppose 3*q + 0*q = -4*g + 24, q + 5 = 3*g. Let p(i) = -1 - 49*i**2 + 26*i**2 - 9*i + 27*i**2. What is the remainder when p(q) is divided by 11?
5
Suppose 37191 + 2643 = 18*a. What is the remainder when a is divided by 18?
17
What is the remainder when 119 is divided by -14 - (640/(-5))/4?
11
Calculate the remainder when 2037 is divided by (-256)/32 + 208/13.
5
Let f = 97 + -45. Suppose 12 = 10*p + 72. What is the remainder when f is divided by 13 - (p - (-6 + 6))?
14
Suppose -734*k = -737*k + 81. Let y(g) = -3*g**2 + 81*g + 47. Calculate the remainder when y(k) is divided by 24.
23
Let b = 280 - 278. Let f(r) = 172*r + 6. What is the remainder when f(b) is divided by 44?
42
Let c(d) = -56*d**2 - 4. Let n be c(2). What is the remainder when 83 is divided by n/(-44) + (-4)/22?
3
Suppose -632 = -29*d + 25*d. Let a = d - 105. What is the remainder when a is divided by 5?
3
Let l(x) = -x**2 + 15*x - 39. Let v be l(12). Let k be 122*1/6*v. Let q = 68 + k. What is the remainder when 20 is divided by q?
6
Let p(j) = 277*j**2 + 15*j - 2. Let q be p(2). Suppose -4*r = -q + 372. Calculate the remainder when r is divided by 65.
61
Let n = 281 - 282. Calculate the remainder when 133 is divided by 3*n/2*(-94)/3.
39
Suppose 200*c - 869 = 2450 + 81. What is the remainder when 671 is divided by c?
8
Suppose 7*o - 8*o = -41*o + 400. Calculate the remainder when 6367 is divided by o.
7
Suppose 4 = 4*h, 5*w - 108*h - 86160 = -113*h. Calculate the remainder when w is divided by 15.
11
Suppose -59*w = -25*w - 20*w - 532. Calculate the remainder when 116 is divided by w.
2
Let q(f) = 10*f**2 + 5*f + 4. Let a be q(-1). Suppose 5*s - 1168 = a*x - 5*x, -2*s + 487 = 5*x. Calculate the remainder when s is divided by 79.
78
Suppose -222*r + 1663 = -113. What is the remainder when 13871 is divided by r?
7
Let x = -13414 - -13591. What is the remainder when x is divided by 71?
35
Let v = 224 - 163. Let j be 0/(4 - 2/1). Suppose 3*a + 14 - 53 = j. What is the remainder when v is divided by a?
9
Suppose 0 = 2*m - 22 + 10. Suppose -k - m*k + 245 = 0. Let g(a) = a**3 + 6*a**2 + 4*a + 2. Calculate the remainder when k is divided by g(-4).
17
Let c = -30 + 49. Suppose 2*v + 4*k - 49 = -27, 5*k - 5 = 2*v. What is the remainder when c is divided by v?
4
Let j(s) = s**2 + 23*s - 24. Let r be j(1). Suppose r = -5*o + 27*y - 24*y + 66, -3*o + 38 = -y. What is the remainder when 36 is divided by o?
0
Suppose -548 = -2*u - 2*u. Let v = -83054 + 83128. What is the remainder when u is divided by v?
63
Suppose 8*q - 5 = 3. What is the remainder when 113 is divided by q*1/(-3) - 1426/(-93)?
8
Let h be (-12)/42 - (2 + 99/21). Calculate the remainder when 18 is divided by 10 + h + (1 + 1 - 0).
3
Let d(b) = -4*b**3 + 2*b**2 - 1. Let g = -86 + 190. Let s = g - 92. Calculate the remainder when s is divided by d(-1).
2
Let g(l) = -l**3 + 109*l**2 - 99*l - 627. Calculate the remainder when g(108) is divided by 330.
15
Suppose -2*y + 11 = -23. Suppose -3*d = f - 6, y - 5 = -4*d. Suppose 4*q = -5*u + 188, 4*u = -2*q + 1 + 99. Calculate the remainder when q is divided by f.
12
Let t(h) be the first derivative of -3/2*h**2 - 2/3*h**3 - 24 - 1/2*h**4 + 2*h. What is the remainder when t(-3) is divided by 12?
11
Let a = -106 + 135. What is the remainder when 142 is divided by a?
26
Let m = -34 - -40. Suppose 2*j - 9 = -v + m, -v = -2*j + 17. Suppose -j*o + o + 